{"id":143,"date":"2019-12-05T17:57:36","date_gmt":"2019-12-05T16:57:36","guid":{"rendered":"http:\/\/ksagros.pl\/?page_id=143"},"modified":"2019-12-05T18:00:56","modified_gmt":"2019-12-05T17:00:56","slug":"misja-klubu","status":"publish","type":"page","link":"https:\/\/ksagros.pl\/index.php\/misja-klubu\/","title":{"rendered":"Misja klubu"},"content":{"rendered":"\n<p><strong> \u201eSzkolenie przysz\u0142ych mistrz\u00f3w sportu w my\u015bl zasady fair play oraz wychowanie poprzez sport\u201d&nbsp; <\/strong><\/p>\n\n\n\n<p>Klub Sportowy \u201eAGROS\u201d w Zamo\u015bciu funkcjonuje od 1976 roku. W okresie \n33 lat istnienia zawodnicy KS \u201eAGROS\u201d Zamo\u015b\u0107 zdobyli ponad 300 medali \nMistrzostw Polski, kilkana\u015bcie medali Mistrzostw Europy i \u015awiata w \nr\u00f3\u017cnych kategoriach wiekowych oraz uczestniczyli w Igrzyskach \nOlimpijskich w Atenach (lekkoatletka) i w Pekinie (3 lekkoatletki). \nNasze sekcje sportowe (lekka atletyka, \u0142ucznictwo, zapasy i kolarstwo) \nrokrocznie zasilaj\u0105 kadry narodowe nowymi zawodnikami zar\u00f3wno w \nrocznikach m\u0142odzie\u017cowych jak i seniorskich.<\/p>\n\n\n\n<p>W naszych sekcjach trenuje ponad 300 m\u0142odych wielce uzdolnionych \nzawodnik\u00f3w, kt\u00f3rzy corocznie zdobywaj\u0105 czo\u0142owe miejsce w Mistrzostwach \nPolski plasuj\u0105c tym samym Klub w czo\u0142\u00f3wce klub\u00f3w Gmin i Powiat\u00f3w w \nPa\u0144stwowym Systemie Wsp\u00f3\u0142zawodnictwa Sportu Dzieci i M\u0142odzie\u017cy. Sekcja \nlekkiej atletyki startuje w rozgrywkach I ligi Senior\u00f3w plasuj\u0105c si\u0119 w \n2008 roku na VII miejscu w\u015br\u00f3d XVI zespo\u0142\u00f3w tworz\u0105cych I lig\u0119. Sekcja \n\u0142ucznicza startuje w rozgrywkach Ekstraklasy m\u0119\u017cczyzn plasuj\u0105c si\u0119 w \nsezonie 2008 roku na III miejscu w lidze. \u015arodki bud\u017cetu miasta \nzapewniaj\u0105 nam podstawy funkcjonowania Klubu i pokrywaj\u0105 w ca\u0142o\u015bci \nszkolenie grup naborowych.<br>Od 10 lat jeste\u015bmy najlepszym klubem \nm\u0142odzie\u017cowym w wojew\u00f3dztwie lubelskim zajmuj\u0105c nieprzerwanie I miejsce. \nTak\u017ce wyniki naszych zawodnik\u00f3w w sporcie kwalifikowanym klasyfikuj\u0105 \nnasz klub na czo\u0142owym miejscu we wszystkich rankingach na Lubelszczy\u017anie\n Jeste\u015bmy bardzo dobrze postrzegani i doceniani przez Samorz\u0105dy zar\u00f3wno \nmiasta Zamo\u015bcia jak i Urz\u0105d Marsza\u0142kowski Woj. Lubelskiego.<br>Klub jako\n stowarzyszenie Kultury Fizycznej zarejestrowany jest w KRS pod numerem \n0000-13-910, co pozwala nam z jednej strony korzysta\u0107 z dotacji \nSamorz\u0105dowych, z drugiej za\u015b strony daje mo\u017cliwo\u015b\u0107 ubiegania si\u0119 o \n\u015brodki zewn\u0119trzne. Podstaw\u0119 funkcjonowania Klubu opieramy o \u015brodki \nsamorz\u0105dowe z bud\u017cetu m. Zamo\u015bcia. Jeste\u015bmy najsilniejszym klubem w \nmie\u015bcie zar\u00f3wno w sporcie m\u0142odzie\u017cowym jak i kwalifikowanym. Tak\u017ce \nSamorz\u0105d wojew\u00f3dztwa lubelskiego wspiera finansowo nasze dzia\u0142ania w \nzakresie sportu m\u0142odzie\u017cowego.<br>Dorobek naszego klubu na przestrzeni \nostatnich lat przedstawia si\u0119 nast\u0119puj\u0105co. W klubie pracuje 17 \nszkoleniowc\u00f3w z uprawnieniem trenerskim oraz 5 wsp\u00f3\u0142pracuje prowadz\u0105c \nindywidualnie poszczeg\u00f3lnych zawodnik\u00f3w. Zawodnicy nasi maj\u0105 \nnieograniczony i bezp\u0142atny dost\u0119p do bazy sportowej (hale, boiska, \nbie\u017cnia sztuczna, tory \u0142ucznicze), kt\u00f3ra jest w\u0142asno\u015bci\u0105 Samorz\u0105du. \nPoziom sportowy i wiek zawodnik\u00f3w jest zr\u00f3\u017cnicowany.<\/p>\n\n\n\n<p>Zarz\u0105d wybrany na nast\u0119pn\u0105 kadencj\u0119 w Klubie Sportowym Agros ukonstytuowa\u0142 si\u0119 nast\u0119puj\u0105co:<br>1. Prezes \u2013&nbsp;<strong>Konrad Firek<\/strong><br>2. V-ce Prezes \u2013&nbsp;<strong>Janusz Wa\u015bko<\/strong><br>3. V-ce Prezes \u2013&nbsp;<strong>Jerzy Zawadzki<\/strong><br>4. Sekretarz \u2013&nbsp;<strong>W\u0142adys\u0142aw Kardasz<\/strong><br>5. Skarbnik \u2013&nbsp;<strong>Janusz Szatkowski<\/strong><br>6. Cz\u0142onek \u2013&nbsp;<strong>Janusz Halas<\/strong><br>7. Cz\u0142onek \u2013&nbsp;<strong>Tadeusz Lizut<\/strong><br>Zarz\u0105d wybierany jest co 4 lata. Kadencja obecnego zarz\u0105du ko\u0144czy si\u0119 w grudniu tego roku.<\/p>\n","protected":false},"excerpt":{"rendered":"<p>\u201eSzkolenie przysz\u0142ych mistrz\u00f3w sportu w my\u015bl zasady fair play oraz wychowanie poprzez sport\u201d&nbsp; Klub Sportowy \u201eAGROS\u201d w Zamo\u015bciu funkcjonuje od 1976 roku. W okresie 33 lat istnienia zawodnicy KS \u201eAGROS\u201d Zamo\u015b\u0107 zdobyli ponad 300 medali Mistrzostw Polski, kilkana\u015bcie medali Mistrzostw Europy i \u015awiata w r\u00f3\u017cnych kategoriach wiekowych oraz uczestniczyli w Igrzyskach Olimpijskich w Atenach (lekkoatletka) [&hellip;]<\/p>\n","protected":false},"author":2,"featured_media":9,"parent":0,"menu_order":0,"comment_status":"closed","ping_status":"closed","template":"","meta":{"footnotes":""},"class_list":["post-143","page","type-page","status-publish","has-post-thumbnail","czr-hentry"],"_links":{"self":[{"href":"https:\/\/ksagros.pl\/index.php\/wp-json\/wp\/v2\/pages\/143","targetHints":{"allow":["GET"]}}],"collection":[{"href":"https:\/\/ksagros.pl\/index.php\/wp-json\/wp\/v2\/pages"}],"about":[{"href":"https:\/\/ksagros.pl\/index.php\/wp-json\/wp\/v2\/types\/page"}],"author":[{"embeddable":true,"href":"https:\/\/ksagros.pl\/index.php\/wp-json\/wp\/v2\/users\/2"}],"replies":[{"embeddable":true,"href":"https:\/\/ksagros.pl\/index.php\/wp-json\/wp\/v2\/comments?post=143"}],"version-history":[{"count":2,"href":"https:\/\/ksagros.pl\/index.php\/wp-json\/wp\/v2\/pages\/143\/revisions"}],"predecessor-version":[{"id":145,"href":"https:\/\/ksagros.pl\/index.php\/wp-json\/wp\/v2\/pages\/143\/revisions\/145"}],"wp:featuredmedia":[{"embeddable":true,"href":"https:\/\/ksagros.pl\/index.php\/wp-json\/wp\/v2\/media\/9"}],"wp:attachment":[{"href":"https:\/\/ksagros.pl\/index.php\/wp-json\/wp\/v2\/media?parent=143"}],"curies":[{"name":"wp","href":"https:\/\/api.w.org\/{rel}","templated":true}]}}